 is the highest common factor of c and q?
2
Let b be -315 - -336 - 2/(-1 + 2). Calculate the highest common divisor of b and 95.
19
Let b(u) = u**2 - 7*u + 27. Let h be b(13). Suppose -32*o = -29*o - h. Calculate the highest common factor of o and 14.
7
Suppose -3*p + 63 = 5*j, -5*p - 3*j + 105 = -0*j. Suppose -2*r = 2*x - 204, -3*x + 7*r = 4*r - 324. What is the highest common divisor of x and p?
21
Let d = 17 + 8. Let m = 15 + -10. Calculate the greatest common divisor of d and m.
5
Let b be (0 + -1)/(37/(-666)). Let i = -19 - -64. Calculate the greatest common factor of b and i.
9
Let p = 86 - 74. Let o = 122 + -86. Let c = -12 + o. Calculate the highest common divisor of c and p.
12
Let l = -326 - -413. What is the highest common factor of l and 116?
29
Suppose -11 = 5*q + 2*h - 85, 0 = -4*q + 3*h + 50. Let v = q - -22. What is the greatest common divisor of v and 12?
12
Let x(b) = 4*b - 3. Let a be x(3). Let d be (-30)/20*(-2)/(-3) + 17. Let w = d - a. What is the highest common factor of 63 and w?
7
Let o = -362 - -387. Calculate the highest common divisor of 675 and o.
25
Let p(q) = 4*q**2 - q**2 - 2 - q**2 + 2*q**2 + q. Let b be p(1). Suppose 2*n - b*n - 1 = 3*w, -4*n + 10 = -2*w. Calculate the greatest common factor of 2 and n.
2
Let m = 176 + -158. Let i = 159 - 51. Suppose 2*s - i = -2*s. What is the greatest common divisor of m and s?
9
Let y be (42/(-56))/(-1*3)*16. Suppose -4*n = -y*d - 540, 5*n - 273 = 3*n + 3*d. Calculate the highest common factor of n and 33.
33
Let h = 28 + -22. Suppose -3*s = -h*s + 15. Suppose -5*k - 186 = -5*c + 714, c = s*k + 180. Calculate the greatest common divisor of c and 18.
18
Suppose -4*w = w. Let z = -5 - w. Let f be z/25 - (-141)/5. What is the greatest common divisor of f and 4?
4
Let f(n) = 60*n. Let z(x) = 2*x + 27. Let o be z(-13). Let y be f(o). What is the greatest common divisor of 20 and y?
20
Suppose -122*r + 123*r - 29 = 0. Calculate the greatest common factor of r and 261.
29
Let s(g) = g**3 - 13*g**2 - 11*g - 39. Let q be s(14). Calculate the highest common divisor of q and 75.
3
Let m = 314 + -294. What is the highest common factor of m and 80?
20
Suppose 0 = -5*s - 0*s - 85. Let h(u) = -u**2 - 18*u + 17. Let m be h(s). Calculate the highest common factor of m and 17.
17
Let r(d) = -8*d + 3*d - 12*d + 1. Let w be (-610)/70 - (-1 + (-18)/(-14)). Let i be r(w). Calculate the highest common divisor of i and 14.
14
Let z = 19 - 27. Let l be -25*(1 + z/4). Calculate the highest common factor of 200 and l.
25
Let z be ((-6)/(-12))/(2/100). Calculate the greatest common divisor of z and 75.
25
Suppose 26*k = 21*k - 5. Let h be 1 - 2 - -3 - k. Suppose 2*i = 10, 6*m + 4*i = 4*m + 86. What is the highest common factor of m and h?
3
Let s be (-4)/6 - (0 - (-133)/21). Let j be (46/(-6))/(s/126*2). Calculate the greatest common factor of 23 and j.
23
Suppose -9*n = -12*n + 9. Suppose -3*j + 1730 = 5*f, -2*j + 197 = -n*f + 1216. What is the highest common factor of f and 49?
49
Let n(o) = 3*o**2 + 3*o + 5. Let m(z) = z**2 + 6*z + 13. Let t be m(-5). Let w be n(t). What is the greatest common divisor of 13 and w?
13
Let z = -14 + 19. Suppose -z*k + 33 = 5*g - g, -g - 5*k = -27. Suppose 37 = 4*l - 7*d + 2*d, 5*d + 19 = -2*l. What is the highest common factor of g and l?
1
Let a(i) = i + 1. Let j be a(1). Let h(q) = 5 - 5*q - 5*q**2 - 4 - 2*q**3 + q**3 + 0*q**j. Let n be h(-4). What is the greatest common factor of n and 35?
5
Let o(i) = i + 11. Suppose 5*r - 10 = -2*f, -1 = f - 4*r + 20. Let s be o(f). Calculate the highest common factor of 12 and s.
6
Let n be ((-10)/(-25))/((-2)/(-40)). Suppose z + 0*z + 8 = 4*f, -n = -2*z. Suppose -f*b + 816 = 3*b. Calculate the greatest common divisor of b and 17.
17
Suppose 3*d = -2*d + 65. Let k = d + -15. Let b be (-39)/k*(2 - 0). What is the highest common divisor of b and 13?
13
Let m = 7 + 3. Let i be ((-324)/(-90))/(4/m). What is the greatest common factor of 1 and i?
1
Let h(p) = -7*p**2 - 8*p - 6. Let q be h(7). Let m be 1*(-7)/(35/q). What is the highest common factor of 9 and m?
9
Suppose 3*p - p - 26 = 0. Suppose 3 = 4*n - p. Let k be ((-1)/2)/(n/(-184)). What is the greatest common divisor of 138 and k?
23
Let i = 228 + -168. What is the greatest common divisor of 270 and i?
30
Let y(r) = r**3 - 8*r**2 - r + 10. Let q be y(8). Suppose -4*p - 4 = -4*w, q*p + 3*w + 0*w = 23. Let k = p + 6. What is the greatest common factor of k and 10?
10
Suppose -4*t + t + 36 = 0. Let a = 16 - t. Let v be 2/3*(-1 + 7). What is the highest common divisor of a and v?
4
Let p(r) = -r**3 - 21*r**2 - 5*r + 21. Let d be p(-21). Let z be (-5 - -2)/((-11)/66). What is the highest common factor of z and d?
18
Suppose 0 = -51*b + 62*b - 363. Suppose -d + 2 = -1. Calculate the greatest common factor of b and d.
3
Let g(s) = -10*s - 6. Let q = -17 + 12. Let k(d) = -d**2 - 4*d + 2. Let x be k(q). Let w be g(x). What is the highest common divisor of 6 and w?
6
Let m be 4/(5 - 9438/1890). Calculate the greatest common divisor of 30 and m.
30
Suppose -808 = -10*o + 332. Calculate the greatest common factor of o and 38.
38
Let c = -8 - -18. Let i be 111/5 + (-2)/c. Let j = i + -14. Calculate the highest common divisor of j and 8.
8
Let i be 5/(-45)*-2 + (-2)/9. Let c be (2/(-3))/(i - 2/168). Suppose -4*g + 43 = 3*x, 3*g - 4 = -4*x + 37. What is the greatest common divisor of c and g?
7
Let c(j) = -4*j - 5. Let t be 88/(-12) + (-2)/3. Let y be c(t). Suppose 3*q - 11*q + 1944 = 0. Calculate the greatest common factor of y and q.
27
Let o = 198 + -160. Calculate the highest common divisor of o and 95.
19
Suppose 8*k + 19 - 51 = 0. Let a be (-1)/(-4) + (-62)/(-8). What is the highest common factor of a and k?
4
Suppose 2*u = 8*u - 1218. Let r = -161 + u. Let d be (1 - 1) + 14 + 0. What is the highest common factor of r and d?
14
Let o = -147 + 210. Let q(a) = -a**3 - 6*a**2 - 5*a + 7. Let w be q(-5). Calculate the highest common factor of w and o.
7
Suppose -m - p + 84 = -21, -3*m - 5*p = -307. Suppose -5*d + m = -91. What is the greatest common factor of d and 5?
5
Suppose -5*k - 5*f + 110 = -4*k, 0 = -2*k - 2*f + 188. Suppose -3*w + k = -0*w. Calculate the greatest common factor of w and 10.
10
Let s(p) = -6*p - 2. Let v be s(-9). Let h be 132 - (12/4 + -1). What is the highest common divisor of h and v?
26
Let s = -220 + -104. Let r be s/(-15) - (-2)/5. Suppose -3*h + h + l = -18, l - r = -3*h. Calculate the greatest common factor of h and 8.
8
Let a be 7/(((-12)/(-3))/4). Let z(u) = u**2 + 2*u - 3. Let q be z(-5). Let s = q - a. What is the highest common factor of 55 and s?
5
Let g(x) = 63*x**2 + 5*x - 6. Let o be g(1). What is the greatest common factor of 186 and o?
62
Let r(y) = 9*y**2 - 5*y - 31. Let c be r(-5). Calculate the greatest common divisor of 73 and c.
73
Suppose 0 = -4*o + 2*q - 18 + 60, 0 = 5*o - 3*q - 50. Let w(r) = -251*r - 1549. Let i be w(-7). Calculate the highest common factor of i and o.
13
Let z(i) = -30*i - 6. Let q be ((-22)/4 + 3)*18/15. Let a be z(q). What is the highest common divisor of a and 12?
12
Let u(r) = 143*r**2 + 95*r - 186. Let a be u(2). What is the highest common divisor of a and 720?
144
Let o(c) = -c**2 + 6*c - 1. Let s be o(4). Let u = s + -10. Let i(t) = -12*t - 3. Let z be i(u). What is the greatest common divisor of z and 22?
11
Suppose -1 = -6*k + 53. Suppose k - 2 = c. Calculate the greatest common divisor of 56 and c.
7
Let w(m) = 8*m + 60. Let a be w(-6). What is the highest common divisor of a and 156?
12
Let c be (-672)/(-66) + (-2)/11. Suppose -6*w = -c*w + 220. What is the highest common divisor of 22 and w?
11
Suppose 3*g = -5*a - 445, 2*a + g = -105 - 72. Let w = a + 92. Calculate the highest common divisor of 24 and w.
6
Let g(n) = -n**2 - 9*n - 9. Let j be g(-2). Suppose -35 + 15 = -j*s. What is the highest common factor of s and 20?
4
Suppose z + 1 = -2*q + 63, 3*z + q - 206 = 0. Suppose -z = -3*l + 11. Calculate the greatest common divisor of 3 and l.
3
Let m be 1845/33 - (-1)/11. Calculate the greatest common divisor of 630 and m.
14
Suppose q + 4*q - 49 = 2*k, -k - 8 = -q. Let n = q + -13. Let c be (48 - n)*(-9)/(-6). What is the highest common factor of 15 and c?
15
Let v be 0/(2 + -1) - -150. Let d be 27 + (-21)